{"id":462,"date":"2023-08-03T09:01:57","date_gmt":"2023-08-03T09:01:57","guid":{"rendered":"https:\/\/looli.webdev4u.info\/merchandising\/verre-a-biere-loeoeli\/"},"modified":"2023-08-04T14:25:52","modified_gmt":"2023-08-04T14:25:52","slug":"verre-a-biere-loeoeli","status":"publish","type":"merchandising","link":"https:\/\/loeoeli-bier.ch\/fr\/merchandising\/verre-a-biere-loeoeli\/","title":{"rendered":"Verre \u00e0 bi\u00e8re L\u00f6\u00f6li"},"content":{"rendered":"","protected":false},"featured_media":426,"template":"","meta":{"_acf_changed":false,"_kad_blocks_custom_css":"","_kad_blocks_head_custom_js":"","_kad_blocks_body_custom_js":"","_kad_blocks_footer_custom_js":"","_kad_post_transparent":"","_kad_post_title":"","_kad_post_layout":"","_kad_post_sidebar_id":"","_kad_post_content_style":"","_kad_post_vertical_padding":"","_kad_post_feature":"","_kad_post_feature_position":"","_kad_post_header":false,"_kad_post_footer":false,"_kad_post_classname":"","slim_seo":{"title":"Verre \u00e0 bi\u00e8re L\u00f6\u00f6li - L\u00f6\u00f6li Bier aus der B\u00fcR","description":""}},"class_list":["post-462","merchandising","type-merchandising","status-publish","has-post-thumbnail","hentry"],"acf":[],"taxonomy_info":[],"featured_image_src_large":["https:\/\/loeoeli-bier.ch\/wp-content\/uploads\/2023\/08\/3-1024x1024.png",1024,1024,true],"author_info":[],"comment_info":"","_links":{"self":[{"href":"https:\/\/loeoeli-bier.ch\/fr\/wp-json\/wp\/v2\/merchandising\/462","targetHints":{"allow":["GET"]}}],"collection":[{"href":"https:\/\/loeoeli-bier.ch\/fr\/wp-json\/wp\/v2\/merchandising"}],"about":[{"href":"https:\/\/loeoeli-bier.ch\/fr\/wp-json\/wp\/v2\/types\/merchandising"}],"wp:featuredmedia":[{"embeddable":true,"href":"https:\/\/loeoeli-bier.ch\/fr\/wp-json\/wp\/v2\/media\/426"}],"wp:attachment":[{"href":"https:\/\/loeoeli-bier.ch\/fr\/wp-json\/wp\/v2\/media?parent=462"}],"curies":[{"name":"wp","href":"https:\/\/api.w.org\/{rel}","templated":true}]}}

Verre à bière Lööli

Verre à bière Lööli - Lööli Bier aus der BüR
